 (4 - (47 - 84)) + (2 - 12 - 0).
31
Evaluate -5 - (-14 + (-8 + 1 - -7)).
9
Evaluate 5 - (-5 + 12 - -9) - 7.
-18
What is (2 + 42 - (-8 + 5)) + -9 - 2?
36
What is -4 + 9 - (6 + (2 - 16))?
13
(24 + -43 - -17) + (-2 - 4) + -2
-10
What is 23 + -1 - (25 - (-10 + 22))?
9
What is the value of -19 + -1 - (214 - 227) - (12 - 0)?
-19
Evaluate (-12 - -21) + -8 + 3 + 0.
4
What is the value of 1 + -11 + -3 + 13?
0
What is (0 - (-2 - -20)) + (12 - 5) + -2?
-13
Calculate 12 + (7 - (10 + -5)).
14
What is the value of -8 - (-7 + (5 - 23))?
17
Evaluate -19 + 39 + -18 + 14.
16
Calculate 25 - 15 - 6 - (2 - 0).
2
((2 - 1) + -8 - -10) + -5 + -17
-19
What is 14 - (19 + -14 - -4)?
5
What is -3 + 8 - (5 + (15 - 16))?
1
What is 49 + -49 + (3 - 2 - 2)?
-1
What is (-265 - -281) + 1 + 1 + -2 - -5?
21
-5 - (4 + (-17 - -12))
-4
What is 7 + -1 - (-1 - -17)?
-10
Calculate -1 + 2 - (-24 - -29).
-4
Evaluate 11 + (-10 - (-4 - -5)).
0
What is -7 - 3 - 3 - (1 - -3) - -7?
-10
What is (17 - 15) + -6 + -2 + -5?
-11
(2 - (0 + 3)) + -4 + -136 + 133
-8
Calculate 2 + -1 + 9 + 0 - 9.
1
Evaluate (11 - (8 + -10)) + -9 + -14 + 0.
-10
What is (-12 - (-7 - 9)) + 3?
7
What is (2 - 1) + -6 - (-16 - (18 + -28))?
1
Calculate -1 + (0 - -5) + (32 - (-23 - -62)).
-3
(-7 + 1 - ((36 - 14) + -24)) + -10
-14
15 + (-21 - -8) + 20 + 7
29
What is 1 + 0 + 22 + (-13 - 10) + -31?
-31
Evaluate -20 - ((4 - 1) + -10 + 0 + 2).
-15
What is the value of 3 - (0 + -10 + 8 - 2)?
7
What is the value of 35 - 17 - (14 - 0)?
4
Evaluate 5 + (9 + -12 - -5) + -8.
-1
What is -2 + (3 - 6) + 0 + -3 + 2?
-6
(9 - (9 - 2)) + -10 + 9
1
Calculate 2 + -13 + 0 + 8 + -26 + 21.
-8
What is (18 + -22 + (7 - 0) - 13) + 4?
-6
(19 - (-3 + 7 - -9)) + (-16 - -1)
-9
Calculate 8 + (-85 + 45 - (-1 - 11)).
-20
5 + (3 + -8 - -17) + -45
-28
What is the value of (14 - (-10 + 19)) + (-5 - -29) - 5?
24
Evaluate -6 - (-13 + 17 + 12 - (2 + 6)).
-14
Calculate (-2697 - -2722) + (0 - 1 - (7 - 0)).
17
-33 + 18 + 33 - 39
-21
17 + (20 - 45) + 11
3
What is (14 - 20 - 2) + (3 + -4 - 1)?
-10
Evaluate -19 - -12 - ((43 - 45) + 1 + -1).
-5
(-1 + 4 + -5 - 2) + 1 + 7
4
Evaluate (28 - (-18 - -23)) + -15.
8
Evaluate (9 - (3 + 5)) + (2 + -8 - 3).
-8
-5 + 2 + 0 - ((73 - 47) + -5)
-24
Calculate 12 - (17 + (-9 - (-6 + 6))).
4
Evaluate 1 - -16 - (8 + 20).
-11
What is (-4 - (-5 - 6)) + (16 - -2)?
25
Evaluate -4 + 1 + (-31 - -41) + -9.
-2
What is (20 - 24 - (2 + -12)) + -8?
-2
Calculate 16 - (4 - -12) - -24.
24
Evaluate 48 - (-3 + 48 + -24).
27
0 + -6 + (-75 - -87)
6
Calculate -51 - -35 - (-13 + 2).
-5
What is the value of (3 - -1) + (0 - 0) + 7 + -4?
7
What is -13 - ((-302 - -283) + 12 + -1)?
-5
Evaluate (-9 - -16) + 4 + -1 + 3.
13
-14 + (-10 - 1) + 23
-2
What is the value of 3 - (-1 - (4 - (-2 - -7) - 2))?
1
What is -12 - (-28 - -13) - 16?
-13
Calculate -2 - (3 - (-2 - (-10 + 17))).
-14
What is the value of -1 + 2 + -1 + -18 + (17 - 15)?
-16
What is the value of -18 + 17 - (1 + -4) - (-7 - 0)?
9
What is the value of -14 + -1 + 14 + -9?
-10
What is -10 + 2 + 15 + -17?
-10
What is 8 + 5 + -12 + 12?
13
What is the value of (10 + (-1 - 6) - 5) + -14?
-16
What is (4 - (4 - (-2 - 2 - 1))) + 17?
12
-8 - (-11 + (33 - (10 + 3)))
-17
94 + -90 - (-2 + (-1 - -2) - 11)
16
What is the value of -56 - -29 - (-5 - -2)?
-24
What is the value of (-11 + -10 + 20 - -11) + (-1 - 3)?
6
What is 24 - (27 + (-23 - -16))?
4
19 + -5 + -12 + 5
7
Calculate (-1 - -5 - (-55 - -59)) + 4 + -3.
1
-5 + 17 - ((-1 - -2) + (60 - 63))
14
Calculate 21 - (-40 + 46 + -4 + (-1 - 13)).
33
What is the value of -1 + 10 + (-14 - -10) + (0 - -1)?
6
Evaluate -24 - (13 + (10 - 32)).
-15
-3 + (5 - 6) + 4 + 3 - -5
8
What is (31 - 39) + 24 - (5 - (-3 + 5))?
13
What is the value of 24 - (19 - -2) - -13?
16
Evaluate 10 - (10 + -6) - (-4 + 8).
2
What is the value of (13 - (-8 + 14)) + -4 + -19?
-16
Calculate 12 + -12 + -1 + -2.
-3
-2 + 1 - (75 - 75)
-1
Evaluate 5 - ((4 - 5) + 4 + 7 - 6).
1
19 - (1 + 0) - -5
23
Evaluate 1 + -14 - -10 - -8.
5
Evaluate 1 - -5 - -9 - 24.
-9
2 - 18 - (-8 - (0 + -2))
-10
What is 5 + 9 - ((-6 - -25) + 0 + -11)?
6
Calculate (85 - 28 - 72) + (-1 - -42).
26
Calculate 5 + -4 - (1 + 3).
-3
Calculate 15 + -15 + 7 - (-82 - -74).
15
What is 10 - 0 - 3 - (-3 + 18 - -8)?
-16
What is the value of -3 + -19 - (-40 - -16)?
2
0 + -5 + -10 + (-10 - -34)
9
What is -1196 + 1200 - (-4 + (0 - 0) + 0)?
8
What is (-37 - -51 - 19) + 35?
30
What is the value of 236 + -235 - (10 + 1)?
-10
What is 17 - (-9 - (8 + -2 + -10))?
22
Calculate 2 + -3 + 3 - (-41 - -44).
-1
What is the value of -30 - (-44 - (-17 + 16))?
13
What is -8 - -3 - (-1 - 12) - (16 - 21)?
13
Calculate 1 + (7 - 10 - -8) + (0 - 3).
3
Evaluate -3 + -24 + -37 + 37.
-27
What is -2 + 1 + 6 + 9 + -5?
9
Evaluate -3 + -4 - -16 - 11.
-2
Evaluate 11 - 17 - -3 - -5.
2
What is 32 - (-27 + 28) - 22?
9
Calculate 17 + 6 + -4 + (-4 - -3 - 4).
14
What is the value of 3 + 0 + -1 + (27 - -11 - 42)?
-2
Evaluate 0 - (-9 + 2 + 7) - (1 + -1).
0
What is the value of 57 + 27 + -72 + 1 + 22?
35
Calculate 15 - (11 + -11 - (-2 + 4)).
17
(18 - (3 + -4 + 13)) + -19
-13
Calculate 1 + 1 + (-29 - -21).
-6
Calculate (-1 - 0) + -379 + 408.
28
What is 6 + ((-3 - -2) + 6 - (-38 + 41))?
8
Calculate 5 + -28 + -22 + 30.
-15
153 - 182 - (1 + 4 + -10)
-24
Calculate 7 - (34 + -22 + 4).
-9
(-10 - (3 - 6)) + -1 + 19 + -1
10
2 + (22 - 10 - 9) + (0 - 2)
3
Calculate 3 + (4 + -11 - -1) + -3 + 11.
5
Evaluate 19 + -42 - (-5 - (3 + -2 + -1)).
-18
Evaluate -24 + 5 + 13 + (-2 - -5) + 11.
8
-24 + 3 + 22 + 4
5
Calculate (-2 - (-3 + 1 - -11)) + 267 + -271.
-15
-4 + (4 - (22 + -15))
-7
What is (11 - (32 - (14 - 30))) + 2 + 1?
-34
Evaluate 36 + -8 + 2 - 11.
19
What is the value of -7 + (-9 - (0 - 9)) + 10?
3
Calculate (20 + -22 - 10) + 26.
14
What is -41 + -23 + 48 + -4?
-20
-6 + -6 + -11 + 10 + (2 - -2)
-9
Evaluate 2 + 6 - (151 + -142).
-1
What is the value of 9 + -21 + (-15 - 3) + 9?
-21
What is 2 + 9 - (-985 + 1008)?
-12
What is 2 + 5 - 2 - 8?
-3
-50 - (-27 + 0 + 15) - -11
-27
What is -33 + 61 - 32 - 23?
-27
Calculate -26 + (4 - (-14 - 8)).
0
Evaluate 166 + -164 + (21 - 0) + -5.
18
What is the value of -7 - (-10 - (3 + -9 - 9))?
-12
What is (-8 - (-36 + -2)) + (2 - (7 - 0))?
25
Evaluate 3 + 14 + -27 + -2.
-12
What is (3 - 1) + 388 + -389?
1
What is the value of 1 - -10 - (-461 + 484)?
-12
What is the value of -7 - ((12 - 2) + (55 - 53))?
-19
Calculate -1 + -2 + 8 - -4 - (46 - 18).
-19
Evaluate 3 + (-3 - -4) + (1 + -2 - 5).
-2
Evaluate 7 - ((11 - 3) + (5 - 13) + -4).
11
Evaluate -9 + 6 + 11 + -11 - -11.
8
Calculate -9 + (19 - -8) + -11 + -13.
-6
What is the value of -13 + (30 - 27) + (-3 - -12)?
-1
Evaluate (0 - -44) + -3740 + 3696.
0
Calculate (24 - 16) + -24 - -11 - -14.
9
Evaluate -24 - (-26 + 13) - 0.
-11
What is the value of -32 + -33 + 15 + 35?
-15
Evaluate 7 + 2 + 0 - (-49 - -63).
-5
-21 - (13 + -23 - 0)
-11
Evaluate (11 - 23) + 6 - -8.
2
20 - (-20 - -16) - 4
20
Evaluate (9 - 0) + -4 + -36 + 26.
-5
(33 + -10 - 34) + (36 - 1)
24
Calculate -2 + 6 + -14 + 0 + 3.
-7
Calculate 13 + (101 - 90 - (30 - -1)).
-7
-10 + 0 - (-68 + 42 - -23)
-7
-39 + 50 - (9 - -5 - -1)
-4
What is (-109 - -16) + 25 - -40?
-28
Calculate 11 - (10 + 0 + -3).
4
What is the value of -17 + 7 + (0 - -3)?
-7
What is (29 - 17) + 1 + -9 - (0 - -19)?
-15
What is -1 - 2 - (-59 + 39 - -4)?
13
Evaluate (-32 - -50 - 24) + 9.
3
What is the value of -4 - (-8 + 5) - (-13 + 12)?
0
What is the value of (-27 + 18 - -15) + 2 + -1?
7
Calculate -7 - ((-14 - 1) + 5 - -27).
-24
What is the value of -8 - (-1 + (-3 - (7 + -5)))?
-2
(-11 - -10) + (0 - -8) + 9
16
11 + -20 + -3 + -2
-14
Calculate -54 + -53 + 104 - (-4 - (1 + 0)).
2
What is the value of 621 + -614 + (0 - 25)?
-18
Calculate (-1 + 6 - 0) + 3 + 0.
8
17 + (3 - 1) + -11
8
-1 + -12 + (-13 - -10) + 6
-10
Calculate 13 - 12 - -14 - (-2 - -11).
6
What is the value of (-11 - 12) + 14 - 3?
-12
What is the value of -1 + (-12 - -9 - (-6 - -26))?
-24
Calculate -10 + (-5 - (-6 - 5)) + 11 + -6.
1
What is 18 + -66 - -22 - 5?
-31
-1 - 8 - (-27 + -1 + -6 + -8)
33
Calculate 19 + (-10 - (-9 + 8)) + -8.
2
Calculate -97 + 105 + (-5 + 1 - (-6 - 3)).
13
Evaluate -3 + -7 + (-8 - -9) + 21.
12
10 + -3 + (-6 - -13) + 1 + -9
6
-13 - (-15 - (10 + -7))
5
What is (3 - (6 + 0)) + 64 + -44?
17
Calculate 8 + -9 + 8 + 1 - 5.
3
What is (-4 - 